
{"id":259,"date":"2022-12-13T10:04:37","date_gmt":"2022-12-13T09:04:37","guid":{"rendered":"https:\/\/przedszkole124.edu.wroclaw.pl\/?page_id=259"},"modified":"2026-04-29T09:37:19","modified_gmt":"2026-04-29T07:37:19","slug":"dokumenty-dla-rodzicow","status":"publish","type":"page","link":"https:\/\/przedszkole124.edu.wroclaw.pl\/index.php\/dokumenty-dla-rodzicow\/","title":{"rendered":"Dokumenty dla rodzic\u00f3w"},"content":{"rendered":"<div class=\"wpb-content-wrapper\"><p>[vc_row][vc_column][vc_column_text css=&#8221;&#8221;]<\/p>\n<h2>Informacja dla rodzic\u00f3w dzieci 3 letnich -zaczynaj\u0105cych edukacj\u0119 we wrze\u015bniu 2025 r.<\/h2>\n<p>Do przedszkola <strong>1 wrze\u015bnia<\/strong> prosz\u0119 przygotowa\u0107:<\/p>\n<ul>\n<li>ma\u0142\u0105 poduszk\u0119<\/li>\n<li>koc<\/li>\n<li>rzeczy na przebranie<\/li>\n<li>obuwie zmienne<\/li>\n<li>str\u00f3j na zaj\u0119cia gimnastyczne w worku<\/li>\n<\/ul>\n<p>Rodzice dzieci 5, 6-letnich nie przynosz\u0105 poduszki i koca.<\/p>\n<p>Wszystkie dokumenty (Dokumenty dla rodzic\u00f3w nowych dzieci) nale\u017cy wydrukowa\u0107 i wype\u0142ni\u0107. Na wszelkie pytania z Pa\u0144stwa stron b\u0119dziemy odpowiadali na zaj\u0119ciach adaptacyjnych. Informacja o zebrania w poszczeg\u00f3lnych grupach zostanie wywieszona na tablicach informacyjnych w holu przedszkola.<\/p>\n<p>&nbsp;<\/p>\n<h2>Pliki do pobrania<\/h2>\n<table style=\"border-collapse: collapse; width: 100%;\" border=\"1\">\n<tbody>\n<tr>\n<td style=\"width: 33.3333%; text-align: center;\"><strong>Dokumenty dla rodzic\u00f3w nowych dzieci<\/strong><\/td>\n<td style=\"width: 33.3333%; text-align: center;\"><strong>Dokumenty dla rodzic\u00f3w<\/strong><\/td>\n<\/tr>\n<tr>\n<td style=\"width: 33.3333%;\">\n<ul>\n<li class=\"col-xs-12\"><a href=\"https:\/\/przedszkole124.edu.wroclaw.pl\/wp-content\/uploads\/sites\/74\/2024\/08\/Wniosek-zwolnienia-z-oplat-docx.docx\">Wniosek zwolnienia z op\u0142at docx<\/a><\/li>\n<li class=\"col-xs-12\"><a href=\"https:\/\/docs.google.com\/document\/d\/1_lvdY1wwsVbSOBTK925NbqXgqQ6KdPPc\/edit?usp=sharing&amp;ouid=112915073645240255966&amp;rtpof=true&amp;sd=true\">Za\u0142. 8. Zgoda na wizerunek na www<\/a><\/li>\n<li class=\"col-xs-12\"><a href=\"https:\/\/przedszkole124.edu.wroclaw.pl\/wp-content\/uploads\/sites\/74\/2025\/07\/Zal.-9.-Karta-do-odbioru-dziecka-z-przedszkola.docx\">Za\u0142. 9. Karta do odbioru dziecka z przedszkola<\/a><\/li>\n<li class=\"col-xs-12\"><a href=\"https:\/\/przedszkole124.edu.wroclaw.pl\/wp-content\/uploads\/sites\/74\/2022\/12\/Zgoda-na-udzial-w-lekcjach-religii-2019-2020.docx\" target=\"_blank\" rel=\"noopener\"><span class=\"title\">Zgoda na udzia\u0142 w lekcjach religii docx&nbsp;<span class=\"size\">(18.95 KB)<\/span><\/span><\/a><\/li>\n<li class=\"col-xs-12\"><a href=\"https:\/\/przedszkole124.edu.wroclaw.pl\/wp-content\/uploads\/sites\/74\/2025\/05\/Zal.-7n.-Klauzula-edukacja-dziecka-w-placowce.docx\">Za\u0142. 7n. Klauzula &#8211; edukacja dziecka w plac\u00f3wce<\/a><\/li>\n<li class=\"col-xs-12\"><a href=\"https:\/\/przedszkole124.edu.wroclaw.pl\/wp-content\/uploads\/sites\/74\/2025\/05\/Zal.-7x.-Klauzula-dla-osob-upowaznionych-do-odbioru-dziecka-z-przedszkola.docx\">Za\u0142. 7x. Klauzula &#8211; dla os\u00f3b upowa\u017cnionych do odbioru dziecka z przedszkola<\/a><\/li>\n<li class=\"col-xs-12\"><a href=\"https:\/\/przedszkole124.edu.wroclaw.pl\/wp-content\/uploads\/sites\/74\/2025\/06\/Zgoda-rodzica-na-pomoc-pedagogiczno-psychologiczna-1.docx\">Zgoda rodzica na pomoc pedagogiczno psychologiczn\u0105<\/a><\/li>\n<li class=\"col-xs-12\"><a href=\"https:\/\/przedszkole124.edu.wroclaw.pl\/wp-content\/uploads\/sites\/74\/2025\/05\/Deklaracja.docx\">Deklaracja<\/a><\/li>\n<li class=\"col-xs-12\"><a href=\"https:\/\/przedszkole124.edu.wroclaw.pl\/wp-content\/uploads\/sites\/74\/2023\/08\/oswiadczenie-rodzica-23-1.pdf\">o\u015bwiadczenie rodzica<\/a><\/li>\n<\/ul>\n<div class=\"col-xs-12\"><\/div>\n<\/td>\n<td style=\"width: 33.3333%;\">\n<ul>\n<li style=\"list-style-type: none;\">\n<ul>\n<li><a href=\"https:\/\/przedszkole124.edu.wroclaw.pl\/wp-content\/uploads\/sites\/74\/2025\/04\/Kryteria-korzystania-z-przedszkola-zastepczego.docx\">Kryteria korzystania z przedszkola zast\u0119pczegp<\/a><\/li>\n<li><a href=\"https:\/\/przedszkole124.edu.wroclaw.pl\/wp-content\/uploads\/sites\/74\/2026\/04\/SYSTEM-OPIEKI-WAKACYJNEJ-W-PRZEDSZKOLACH-PUBLICZNYCH-PROWADZONYCH-PRZEZ-MIASTO.docx\">SYSTEM OPIEKI WAKACYJNEJ W PRZEDSZKOLACH PUBLICZNYCH PROWADZONYCH PRZEZ MIASTO<\/a><\/li>\n<li><a href=\"https:\/\/przedszkole124.edu.wroclaw.pl\/wp-content\/uploads\/sites\/74\/2026\/04\/Deklaracja-korzystania-z-przedszkola.docx\">Deklaracja korzystania z przedszkola<\/a><\/li>\n<li><a href=\"https:\/\/przedszkole124.edu.wroclaw.pl\/wp-content\/uploads\/sites\/74\/2025\/04\/Wniosek-o-przedszkole-zastepcze.docx\">Wniosek-o-przedszkole-zastepcze<\/a><\/li>\n<\/ul>\n<\/li>\n<\/ul>\n<\/td>\n<\/tr>\n<\/tbody>\n<\/table>\n<div class=\"col-xs-12\"><\/div>\n<p>[\/vc_column_text][\/vc_column][\/vc_row]<\/p>\n<\/div>","protected":false},"excerpt":{"rendered":"<p>[vc_row][vc_column][vc_column_text css=&#8221;&#8221;] Informacja dla rodzic\u00f3w dzieci 3 letnich -zaczynaj\u0105cych edukacj\u0119 we wrze\u015bniu 2025 r. Do przedszkola 1 wrze\u015bnia prosz\u0119 przygotowa\u0107: ma\u0142\u0105 poduszk\u0119 koc rzeczy na przebranie obuwie zmienne str\u00f3j na [&hellip;]<\/p>\n","protected":false},"author":7,"featured_media":0,"parent":0,"menu_order":0,"comment_status":"closed","ping_status":"closed","template":"","meta":{"footnotes":""},"class_list":["post-259","page","type-page","status-publish","hentry","clearfix"],"_links":{"self":[{"href":"https:\/\/przedszkole124.edu.wroclaw.pl\/index.php\/wp-json\/wp\/v2\/pages\/259","targetHints":{"allow":["GET"]}}],"collection":[{"href":"https:\/\/przedszkole124.edu.wroclaw.pl\/index.php\/wp-json\/wp\/v2\/pages"}],"about":[{"href":"https:\/\/przedszkole124.edu.wroclaw.pl\/index.php\/wp-json\/wp\/v2\/types\/page"}],"author":[{"embeddable":true,"href":"https:\/\/przedszkole124.edu.wroclaw.pl\/index.php\/wp-json\/wp\/v2\/users\/7"}],"replies":[{"embeddable":true,"href":"https:\/\/przedszkole124.edu.wroclaw.pl\/index.php\/wp-json\/wp\/v2\/comments?post=259"}],"version-history":[{"count":60,"href":"https:\/\/przedszkole124.edu.wroclaw.pl\/index.php\/wp-json\/wp\/v2\/pages\/259\/revisions"}],"predecessor-version":[{"id":7029,"href":"https:\/\/przedszkole124.edu.wroclaw.pl\/index.php\/wp-json\/wp\/v2\/pages\/259\/revisions\/7029"}],"wp:attachment":[{"href":"https:\/\/przedszkole124.edu.wroclaw.pl\/index.php\/wp-json\/wp\/v2\/media?parent=259"}],"curies":[{"name":"wp","href":"https:\/\/api.w.org\/{rel}","templated":true}]}}

Dokumenty dla rodziców

<div class="wpb-content-wrapper"><p>[vc_row][vc_column][vc_column_text css=&#8221;&#8221;]</p>
<h2>Informacja dla rodziców dzieci 3 letnich -zaczynających edukację we wrześniu 2025 r.</h2>
<p>Do przedszkola <strong>1 września</strong> proszę przygotować:</p>
<ul>
<li>małą poduszkę</li>
<li>koc</li>
<li>rzeczy na przebranie</li>
<li>obuwie zmienne</li>
<li>strój na zajęcia gimnastyczne w worku</li>
</ul>
<p>Rodzice dzieci 5, 6-letnich nie przynoszą poduszki i koca.</p>
<p>Wszystkie dokumenty (Dokumenty dla rodziców nowych dzieci) należy wydrukować i wypełnić. Na wszelkie pytania z Państwa stron będziemy odpowiadali na zajęciach adaptacyjnych. Informacja o zebrania w poszczególnych grupach zostanie wywieszona na tablicach informacyjnych w holu przedszkola.</p>
<p>&nbsp;</p>
<h2>Pliki do pobrania</h2>
<table style="border-collapse: collapse; width: 100%;" border="1">
<tbody>
<tr>
<td style="width: 33.3333%; text-align: center;"><strong>Dokumenty dla rodziców nowych dzieci</strong></td>
<td style="width: 33.3333%; text-align: center;"><strong>Dokumenty dla rodziców</strong></td>
</tr>
<tr>
<td style="width: 33.3333%;">
<ul>
<li class="col-xs-12"><a href="https://przedszkole124.edu.wroclaw.pl/wp-content/uploads/sites/74/2024/08/Wniosek-zwolnienia-z-oplat-docx.docx">Wniosek zwolnienia z opłat docx</a></li>
<li class="col-xs-12"><a href="https://docs.google.com/document/d/1_lvdY1wwsVbSOBTK925NbqXgqQ6KdPPc/edit?usp=sharing&amp;ouid=112915073645240255966&amp;rtpof=true&amp;sd=true">Zał. 8. Zgoda na wizerunek na www</a></li>
<li class="col-xs-12"><a href="https://przedszkole124.edu.wroclaw.pl/wp-content/uploads/sites/74/2025/07/Zal.-9.-Karta-do-odbioru-dziecka-z-przedszkola.docx">Zał. 9. Karta do odbioru dziecka z przedszkola</a></li>
<li class="col-xs-12"><a href="https://przedszkole124.edu.wroclaw.pl/wp-content/uploads/sites/74/2022/12/Zgoda-na-udzial-w-lekcjach-religii-2019-2020.docx" target="_blank" rel="noopener"><span class="title">Zgoda na udział w lekcjach religii docx&nbsp;<span class="size">(18.95 KB)</span></span></a></li>
<li class="col-xs-12"><a href="https://przedszkole124.edu.wroclaw.pl/wp-content/uploads/sites/74/2025/05/Zal.-7n.-Klauzula-edukacja-dziecka-w-placowce.docx">Zał. 7n. Klauzula &#8211; edukacja dziecka w placówce</a></li>
<li class="col-xs-12"><a href="https://przedszkole124.edu.wroclaw.pl/wp-content/uploads/sites/74/2025/05/Zal.-7x.-Klauzula-dla-osob-upowaznionych-do-odbioru-dziecka-z-przedszkola.docx">Zał. 7x. Klauzula &#8211; dla osób upoważnionych do odbioru dziecka z przedszkola</a></li>
<li class="col-xs-12"><a href="https://przedszkole124.edu.wroclaw.pl/wp-content/uploads/sites/74/2025/06/Zgoda-rodzica-na-pomoc-pedagogiczno-psychologiczna-1.docx">Zgoda rodzica na pomoc pedagogiczno psychologiczną</a></li>
<li class="col-xs-12"><a href="https://przedszkole124.edu.wroclaw.pl/wp-content/uploads/sites/74/2025/05/Deklaracja.docx">Deklaracja</a></li>
<li class="col-xs-12"><a href="https://przedszkole124.edu.wroclaw.pl/wp-content/uploads/sites/74/2023/08/oswiadczenie-rodzica-23-1.pdf">oświadczenie rodzica</a></li>
</ul>
<div class="col-xs-12"></div>
</td>
<td style="width: 33.3333%;">
<ul>
<li style="list-style-type: none;">
<ul>
<li><a href="https://przedszkole124.edu.wroclaw.pl/wp-content/uploads/sites/74/2025/04/Kryteria-korzystania-z-przedszkola-zastepczego.docx">Kryteria korzystania z przedszkola zastępczegp</a></li>
<li><a href="https://przedszkole124.edu.wroclaw.pl/wp-content/uploads/sites/74/2026/04/SYSTEM-OPIEKI-WAKACYJNEJ-W-PRZEDSZKOLACH-PUBLICZNYCH-PROWADZONYCH-PRZEZ-MIASTO.docx">SYSTEM OPIEKI WAKACYJNEJ W PRZEDSZKOLACH PUBLICZNYCH PROWADZONYCH PRZEZ MIASTO</a></li>
<li><a href="https://przedszkole124.edu.wroclaw.pl/wp-content/uploads/sites/74/2026/04/Deklaracja-korzystania-z-przedszkola.docx">Deklaracja korzystania z przedszkola</a></li>
<li><a href="https://przedszkole124.edu.wroclaw.pl/wp-content/uploads/sites/74/2025/04/Wniosek-o-przedszkole-zastepcze.docx">Wniosek-o-przedszkole-zastepcze</a></li>
</ul>
</li>
</ul>
</td>
</tr>
</tbody>
</table>
<div class="col-xs-12"></div>
<p>[/vc_column_text][/vc_column][/vc_row]</p>
</div>

<p>[vc_row][vc_column][vc_column_text css=&#8221;&#8221;] Informacja dla rodziców dzieci 3 letnich -zaczynających edukację we wrześniu 2025 r. Do przedszkola 1 września proszę przygotować: małą poduszkę koc rzeczy na przebranie obuwie zmienne strój na [&hellip;]</p>
